) = -23*y - 10. Let l be o(k). Suppose 3*w = -w + l. What is the greatest common divisor of 48 and w?
16
Let q be (1/(-3))/(2/6). Let v = -5 - q. Let x be (242 - (-2 - v)) + 0. Calculate the highest common divisor of x and 30.
30
Let a = 6 - -29. Let p = 32 - 12. Suppose 3*t - p = -2*l, 5 - 1 = 2*l - 5*t. What is the greatest common divisor of l and a?
7
Let y(a) = a**3 - 3*a**2 + 2. Let c be y(4). Let t(d) = d**2 - d - 12. Let w be t(7). Suppose -w = 3*n - 165. What is the greatest common divisor of n and c?
9
Suppose 5*g = 5*y + 15, -4*g - 13 = 7. Let m be (468/30)/(y/(-60)). What is the highest common divisor of m and 9?
9
Let f(s) = -24*s - 192. Let m be f(-12). Let k(r) = 7*r**2 + 2*r + 3. Let o be k(-3). Suppose -o = -2*l - 3*l. What is the highest common factor of m and l?
12
Suppose q - 5 - 23 = 0. Let i be (-2 - -9)*(96/q)/1. What is the greatest common factor of i and 96?
24
Let a be 3 + -4 + (-21)/(-1). Let g(x) = x**2 + 7*x + 18. Let c be g(-5). Suppose -12*f + 40 = -c*f. Calculate the greatest common factor of a and f.
10
Let y = 0 - -22. What is the greatest common factor of y and 77?
11
Suppose -4473 = -8*w - w. Calculate the greatest common divisor of w and 71.
71
Let w(h) = h**2 + 8*h - 12. Let n(l) = -l. Let v(b) = 5*n(b) + w(b). Let y be v(-8). What is the highest common divisor of 84 and y?
28
Let l(y) = 4*y + 6. Let k = 80 - 81. Let p be l(k). Suppose 4*z - 3*h = 93 - 14, 2*h = -10. Calculate the greatest common divisor of z and p.
2
Suppose 2*o + 480 - 1264 = 0. Suppose 6*j + j = o. What is the greatest common divisor of 14 and j?
14
Let g(u) = u**3 - 9*u**2 + 10*u + 4. Let d be g(8). Suppose 3*j + 4*m = 12 + d, 3*j = 2*m + 20. What is the highest common divisor of j and 16?
8
Let o(q) = 23*q + 4. Let u be 2 + ((-12)/4 - -5). Let t be o(u). Let y(g) = g**2 + 2*g - 3. Let c be y(3). Calculate the highest common divisor of t and c.
12
Let j(x) = -x**3 + x**2 - 4. Let q = 11 - 14. Let u be j(q). What is the greatest common divisor of 352 and u?
32
Let k = 1916 + -1840. Calculate the highest common divisor of k and 304.
76
Let n(w) be the third derivative of -w**4/6 - 2*w**3/3 - 4*w**2. Let z be n(-4). Let x = 38 - 26. What is the highest common factor of x and z?
12
Suppose 2*d = 2, 4*y - 3*d - 55 = -2. Let n = 23 - y. Calculate the greatest common divisor of n and 1.
1
Let l = -2033 + 2036. Calculate the highest common divisor of l and 5.
1
Let n(g) = g**3 - 6*g**2 + 7*g + 2. Suppose -7*m + 17 = 2*d - 2*m, -d = -m - 5. Let r be n(d). Calculate the greatest common divisor of 11 and r.
11
Suppose -x + 36 = -4*d + 199, 2*x = 10. Calculate the highest common factor of d and 168.
42
Suppose 47 = 3*u - 10. Suppose 15*v = u*v - 8. Suppose v*t - 32 = 64. Calculate the highest common factor of 72 and t.
24
Let s(i) = i**3 - 5*i**2 - 10*i + 2. Let l(k) = -k**2 + 11*k - 3. Let w be l(10). Let v be s(w). What is the highest common factor of v and 10?
10
Let c(h) = -5 + h + 0 - 1 + 2. Let v be c(6). Suppose -v*i + 5*y + 155 = -0*i, -3*y - 157 = -2*i. Calculate the greatest common factor of 10 and i.
10
Let i(n) = -12*n - 18. Let j be i(-6). Calculate the highest common factor of 702 and j.
54
Let w(i) = -20*i**3 - i**2 + i. Let r be (2/4)/((-4)/16). Let k be w(r). Suppose 15*o - 180 = 30. What is the highest common factor of k and o?
14
Suppose -2*b = 2*k + 108, 2*b + k = 4*k - 128. Let p = b - -134. Suppose -5*f + p = -3*f. Calculate the greatest common factor of f and 19.
19
Let b = 1 - 7. Let d be (b/12)/(3/(-210)). Calculate the highest common divisor of 385 and d.
35
Let k = 11 + 4. Let g = 10 + -10. Suppose -300 = -4*t - g*t. What is the greatest common divisor of k and t?
15
Suppose 4*b = 69 + 51. Let k(f) = 4*f + 4. Suppose -8*o + 20 = -12. Let r be k(o). What is the highest common factor of b and r?
10
Suppose -i + 2 = 2*s - 18, 5*i - 3*s - 139 = 0. Calculate the greatest common factor of 182 and i.
26
Let c = -22 - -20. Let s be 1/5 + c/10. Suppose -5*w + s*w = -825. What is the highest common divisor of 15 and w?
15
Suppose 0 = 2*j - 41 + 7. Let z = 21 - j. Let i = 26 - 10. What is the highest common factor of z and i?
4
Suppose -f = 2, -2*a - 11*f + 102 = -6*f. Calculate the highest common factor of 182 and a.
14
Let m = -715 - -2676. Calculate the highest common divisor of 37 and m.
37
Suppose 0*a = -3*a + 354. Suppose -3*i - 2*s = -a, -4*i - 5*s - 180 = -9*i. Calculate the greatest common factor of 342 and i.
38
Let z be 2/((5 + -3)/2). Suppose -2*h + 2 + 4 = 0, -z*h = 5*o - 276. Calculate the highest common factor of 36 and o.
18
Let d(w) = w. Let z(n) = -2*n - 31. Let t(m) = -5*d(m) - z(m). Let u be t(5). Calculate the highest common divisor of 176 and u.
16
Let j = 58 + -52. Suppose 200 = 4*l + j*l. What is the greatest common divisor of 20 and l?
20
Let s(z) = -z**3 + z**2 + 6*z + 2. Let i be s(3). Suppose i*a + 7*v - 52 = 2*v, a + v = 23. Calculate the greatest common factor of 14 and a.
7
Let f be (55/(-20))/(2/(-40)). Calculate the greatest common factor of 275 and f.
55
Suppose -41*v + 14*v = -189. What is the greatest common factor of 1 and v?
1
Suppose -5*u + 4*u = -5. Suppose 0 = -u*q - 2*l - 50, q - l + 20 = -q. Let c be ((-15)/q)/((-1)/(-2)). Calculate the highest common divisor of 3 and c.
3
Suppose -2*y - 2*y + g + 83 = 0, -4*y + 68 = 4*g. Let x(o) = 5*o. Suppose -n = 2*n - 18. Let l be x(n). Calculate the highest common factor of l and y.
10
Suppose 8*u + 3993 = 19*u. What is the greatest common factor of 66 and u?
33
Suppose 0 = -12*j + 15*j - 9. Suppose -2*b = -j*b + 12. What is the highest common factor of 30 and b?
6
Let i = -98 + 174. Suppose 3*h = 5*w - w + i, -5*h - 2*w + 170 = 0. What is the highest common factor of h and 16?
16
Let v = 1335 + -1092. What is the greatest common divisor of 27 and v?
27
Let l(f) = 12*f**2 + 54*f + 3. Let p be l(-5). Calculate the greatest common divisor of 176 and p.
11
Let z(p) = -293*p + 8. Let m be z(-4). Suppose 5*r = -0*r + m. Suppose 5*j - r = -26. What is the greatest common factor of 6 and j?
6
Let x = 105 + -69. Suppose n - 4*n = -x. Suppose -n*s - 9 = -13*s. What is the greatest common divisor of 99 and s?
9
Let v(g) = 7*g - 16. Let r be v(4). What is the highest common divisor of 32 and r?
4
Let z(s) = 3 + 8*s + 2*s**2 - 6*s - s**2. Let c be z(-2). Let j(g) = -g**2 + 11*g - 3. Let y be j(5). What is the greatest common divisor of y and c?
3
Suppose 3*l = y + 206, -4*y - 55 = 5*l - 387. Let r be (-3)/(-4) + (-35)/4. Let n = r + l. What is the greatest common factor of n and 15?
15
Suppose -y - 1058 = -4*c, -97*y + 93*y - 8 = 0. What is the highest common divisor of 120 and c?
24
Let b = -23 - -23. Suppose -5*p + 259 = r, -5*p = -4*r - b*p + 1136. Calculate the highest common divisor of 31 and r.
31
Suppose -44 = 46*y - 48*y. Suppose y*l - 240 = 16*l. Calculate the greatest common factor of 360 and l.
40
Let h be 14*-3*2/12. Let p = 15 + h. Suppose 0 = -9*r + p*r + 11. What is the highest common factor of r and 22?
11
Let j(d) = 54*d - 2. Let i be j(3). Let g = 4 - 130. Let s = g - -190. Calculate the greatest common divisor of s and i.
32
Let p(q) = -173*q - 36. Let d be p(-2). What is the highest common factor of 434 and d?
62
Suppose -37*p - 1440 = -46*p. Calculate the highest common factor of 32 and p.
32
Suppose 68 = 4*r - 92. Suppose r = b - 4*z, 4*b + b = -3*z + 131. What is the greatest common divisor of 4 and b?
4
Let k(o) = -2*o**3 - 7*o**2 + 5*o + 6. Let y be k(-5). Let z = -23 + y. What is the greatest common factor of z and 3?
3
Suppose 0*z + 18 = 2*z - 4*g, -4*z + 24 = -2*g. Suppose -u = -3*h + 31, 3*h - 35 = -h - z*u. Calculate the greatest common factor of 170 and h.
10
Let u(r) = -r**3 - 3*r**2. Let m be u(-3). Suppose -1 = -2*j - w, m*w - 12 = 4*w. Suppose -j*v = 4*v - 48. What is the highest common divisor of 16 and v?
8
Suppose -10*d - 1305 = -4635. What is the greatest common divisor of 9 and d?
9
Suppose 464*b - 459*b - 10 = 0. Calculate the highest common divisor of b and 19.
1
Let c = -87 + 87. Suppose c = 4*o + r - 139, 3*r + 54 + 69 = 3*o. Calculate the greatest common factor of 18 and o.
18
Suppose 0 = 3*w + 200 - 782. Suppose 5*s + 2*y - w = 40, 2*y + 54 = s. What is the greatest common factor of s and 36?
12
Let w = 96 - 78. 